Determine t(-14).
-49
Let s(t) = -t**2 - t + 2. What is s(-2)?
0
Let i(g) = -g**3 + 6*g**2 + 4*g + 23. Give i(7).
2
Let x(q) = q**2 - 8*q + 3. Determine x(-8).
131
Let t(p) = p**3 + 2*p**2 - 7. Determine t(0).
-7
Let d(r) = -9*r**3 - 17*r**2 + r + 2. Determine d(-2).
4
Let h(v) = -39*v - 129. Calculate h(-4).
27
Let r(w) = -w + 6. What is r(6)?
0
Let v(i) = -i**3 - i**2 - 2*i - 2. What is v(-2)?
6
Let j(a) = a**2 + 4*a - 8. Calculate j(5).
37
Let l(z) = -2*z**2 - 4*z - 12. What is l(-5)?
-42
Let s(z) = -6*z - 3. What is s(-2)?
9
Let f(x) = x + 3. What is f(-9)?
-6
Let s(l) = -l + 43. Give s(27).
16
Let w(n) = -n + 11. Give w(-6).
17
Let j(h) = 42*h**3 + h**2 + 5*h + 4. Determine j(-1).
-42
Let r(j) = -j**2 + j + 36. Calculate r(-6).
-6
Let r(u) = 3*u**3 - 2*u**2 - 1. Determine r(2).
15
Let k(z) = 10*z**2 - 3*z - 1. What is k(-1)?
12
Let p(k) = -29*k - 2. Calculate p(1).
-31
Let n(r) = 110*r - 870. What is n(8)?
10
Let w(b) = -5*b**2 + 2*b + 16. Determine w(4).
-56
Let t(v) = 4*v - 87. Give t(32).
41
Let s(z) = z**2 + 8*z - 7. What is s(-5)?
-22
Let g(i) = 2*i - 8. Determine g(-9).
-26
Let g(u) = 52*u**2 - u + 1. Calculate g(-1).
54
Let g(v) = v - 5. Determine g(-6).
-11
Let t(w) = w + 15. Calculate t(9).
24
Let c(z) = -8*z + 3. What is c(5)?
-37
Let h(w) = 13*w - 17. Calculate h(1).
-4
Let z(m) = -3*m - 6. Determine z(7).
-27
Let i(b) = -5*b - 1. Calculate i(-4).
19
Let m(i) = 3*i + 9. Determine m(-4).
-3
Let j(o) = o**2 - 24*o + 11. Give j(24).
11
Let c(o) = -o**3 + 6*o**2 + 18*o - 17. Calculate c(8).
-1
Let g(h) = 5*h**2 + 5. What is g(3)?
50
Let n(z) = -50*z - 255. Calculate n(-5).
-5
Let d(r) = -3*r - 65. What is d(-14)?
-23
Let i(n) = -2*n - 11. Give i(-8).
5
Let i(l) = -4*l - 59. What is i(-21)?
25
Let k(u) = -3*u**3 + 6*u**2 - 8*u + 4. Give k(3).
-47
Let n(v) = 5*v - 33. Give n(4).
-13
Let w(a) = -50*a + 261. Calculate w(5).
11
Let s(c) = c**3 + 8*c**2 - c - 6. Calculate s(-8).
2
Let d(j) = 5*j - 74. Calculate d(25).
51
Let k(z) = 20*z**2 - z - 2. Give k(-1).
19
Let g(s) = s**2 + 7*s - 6. What is g(-6)?
-12
Let z(c) = -c**2 - 8*c + 7. Determine z(-7).
14
Let i(d) = 17*d. Calculate i(3).
51
Let c(x) = x**3 - x**2 - x + 21. Give c(0).
21
Let q(c) = -4*c - 105. Determine q(-30).
15
Let f(i) = -27*i + 18. What is f(7)?
-171
Let b(h) = 21*h + 13. Give b(-1).
-8
Let l(w) = 2*w**2 - 42*w + 39. Determine l(20).
-1
Let l(k) = k**2 - 14*k + 25. Determine l(10).
-15
Let z(p) = p**3 + p - 15. Calculate z(0).
-15
Let p(a) = 5*a + 9. Calculate p(-6).
-21
Let g(c) = 2*c**3 + 57*c**2 - 27*c + 41. Give g(-29).
-17
Let c(v) = 5*v**2 + 65*v + 13. Give c(-13).
13
Let v(g) = g**2 - 1. Calculate v(-6).
35
Let d(r) = r**2 + 7*r + 5. Determine d(-8).
13
Let r(t) = -t**3 + 3*t**2 + 7*t + 10. Give r(5).
-5
Let y(r) = -2*r + 2. Determine y(-8).
18
Let o(n) = -2*n**2 - 42*n + 45. What is o(-22)?
1
Let b(j) = 3*j + 13. What is b(-7)?
-8
Let h(u) = -u - 16. Calculate h(13).
-29
Let u(f) = 5*f**2 + 4*f - 1. Give u(-5).
104
Let c(y) = -13*y - 156. What is c(-10)?
-26
Let o(p) = p**3 - 8*p**2 - 9*p - 10. Determine o(9).
-10
Let m(w) = -w + 3. What is m(11)?
-8
Let g(s) = -s**3 - 3*s**2. Determine g(-3).
0
Let j(k) = -2*k + 22. What is j(11)?
0
Let v(k) = -k**3 + 29*k**2 + 3*k - 37. Determine v(29).
50
Let u(c) = c**3 - 11*c**2 - 21*c - 49. Calculate u(13).
16
Let h(w) = -w**3 + 8*w**2 + 8*w + 5. Calculate h(9).
-4
Let v(t) = 20*t**3 - t**2 - t. What is v(1)?
18
Let n(q) = -q**2 - 5*q + 39. Give n(-10).
-11
Let g(b) = b**2 - 9*b + 8. Calculate g(7).
-6
Let l(w) = w**2 - 4*w + 4. What is l(6)?
16
Let t(b) = 10*b + 21. Determine t(-5).
-29
Let z(g) = -g**3 + 2*g**2 + g - 6. Calculate z(-3).
36
Let f(l) = -l**3 - 7*l**2 - 3*l - 4. Determine f(-7).
17
Let r(d) = d**3 + d**2 - 3*d - 10. What is r(0)?
-10
Let f(o) = 9*o + 33. Give f(-5).
-12
Let n(q) = q**3 - 6*q**2 - q - 4. What is n(7)?
38
Let k(t) = t**2 - 11*t + 12. Determine k(9).
-6
Let h(n) = -3*n**3 + 3*n**2 - n. Calculate h(3).
-57
Let g(n) = n**2 - 13*n - 3. Determine g(11).
-25
Let v(b) = -b - 30. Calculate v(6).
-36
Let a(l) = 6*l - 51. What is a(8)?
-3
Let f(j) = j**2 - 10*j + 15. Determine f(7).
-6
Let k(a) = 19*a - 10. Calculate k(5).
85
Let o(z) = 4*z + 5. Give o(-4).
-11
Let c(x) = -x**3 + 16*x**2 - 2*x + 15. Calculate c(16).
-17
Let k(d) = 19*d**2 + 6*d + 5. What is k(-1)?
18
Let v(u) = -u**3 - 31*u**2 - 26*u + 54. Give v(-30).
-66
Let u(o) = -o**2 + o + 19. Give u(8).
-37
Let o(a) = -a**3 - 14*a**2 + 13*a - 20. Determine o(-15).
10
Let z(j) = -j**2 - 12*j - 47. Determine z(-9).
-20
Let k(f) = 2*f - 34. Calculate k(21).
8
Let a(r) = -4*r + 18. What is a(6)?
-6
Let u(z) = -8*z**3 - z**2 - 10*z - 17. What is u(-2)?
63
Let m(r) = 15*r**2 - r - 1. What is m(-2)?
61
Let j(f) = -2*f**2 + f - 1. Calculate j(1).
-2
Let l(k) = -2*k**2 - 17*k - 8. Give l(-7).
13
Let u(g) = g**2 - 5*g - 8. What is u(8)?
16
Let y(p) = 7*p + 76. Calculate y(-10).
6
Let l(f) = -f**3 - f**2 - f - 16. What is l(0)?
-16
Let y(q) = q**3 + 16*q**2 - 16*q + 21. Give y(-17).
4
Let p(b) = -b**2 + b + 126. What is p(-11)?
-6
Let o(u) = 22*u**3 + u**2 - u + 1. What is o(1)?
23
Let y(i) = -2*i**3 - 2*i + 1. What is y(1)?
-3
Let d(g) = -4*g**3 - 18*g**2 - 33*g + 6. Determine d(-2).
32
Let g(u) = u**2 + 9*u - 89. Calculate g(5).
-19
Let u(z) = z + 1. Give u(-9).
-8
Let g(q) = 3*q**2 - 3*q + 13. Give g(-5).
103
Let q(u) = -u - 56. Calculate q(20).
-76
Let h(j) = j**3 + 4*j**2 - 141*j + 17. Calculate h(10).
7
Let l(t) = t**3 + 4*t**2 + 3*t. Calculate l(-3).
0
Let s(m) = -18*m - 8. Calculate s(-3).
46
Let d(v) = -v**2 + 32*v - 236. What is d(20)?
4
Let x(r) = r**3 + 2*r**2 - 10*r + 6. What is x(-5)?
-19
Let q(c) = 2*c**2 + 7*c - 50. Give q(-7).
-1
Let k(l) = l**3 - 6*l**2 + 4*l + 5. What is k(4)?
-11
Let r(w) = w**2 + 9*w + 16. Calculate r(-7).
2
Let f(j) = 4*j - 5. What is f(2)?
3
Let m(k) = k**2 + 9*k - 3. Calculate m(-5).
-23
Let h(s) = 2*s - 13. Determine h(6).
-1
Let p(j) = 2*j + 9. Calculate p(-3).
3
Let z(g) = g - 1. Calculate z(9).
8
Let m(a) = a**2 + 5*a - 28. Give m(4).
8
Let s(a) = -a - 14. What is s(-2)?
-12
Let j(r) = 5*r + 2. Determine j(1).
7
Let j(o) = o**2 + 25*o - 42. Calculate j(-20).
-142
Let b(a) = -11*a + 23. Give b(2).
1
Let h(l) = -l**3 - l**2 + l + 12. Determine h(0).
12
Let h(r) = -r**3 - 6*r**2 - 25. Calculate h(-7).
24
Let x(n) = -n**3 + 29*n**2 - 55*n + 46. What is x(27)?
19
Let w(q) = -4*q + 23. Give w(5).
3
Let x(w) = -w**3 + 11*w**2 - 16*w - 19. Calculate x(9).
-1
Let y(z) = -z**2 - 8*z - 5. Determine y(-9).
-14
Let z(o) = 3*o**2 + 4*o + 1. Determine z(-3).
16
Let b(r) = 2*r**3 - 2. What is b(-2)?
-18
Let f(m) = -5*m + 5. Give f(4).
-15
Let u(i) = 4*i + 25. Calculate u(-10).
-15
Let d(j) = -j**3 - 15*j**2 + 20*j + 60. Calculate d(-16).
-4
Let f(q) = 12*q - 127. Calculate f(10).
-7
Let l(h) = 2*h**3 + 2*h**2 + 2*h. Give l(-2).
-12
Let n(c) = 28*c + 164. What is n(-6)?
-4
Let o(w) = -2*w**2 + 7*w + 2. Calculate o(5).
-13
Let g(v) = 3*v - 15. Calculate g(9).
12
Let w(t) = -t**2 - 6*t + 10. Determine w(-8).
-6
Let p(j) = j**3 + 10*j**2 + 14*j + 69. Calculate p(-7).
118
Let d(g) = 2*g + 32. Calculate d(-17).
-2
Let q(p) = -p**3 + 8*p**2 + 11*p - 9. Calculate q(9).
9
Let x(k) = 6*k - 2. Determine x(4).
22
Let d(n) = -2*n + 4. What is d(3)?
-2
Let i(r) = -r**2 + r + 53. Give i(-7).
-3
Let l(k) = k**3 - 11*k**2 + 10*k - 7. Give l(10).
-7
Let x(l) = -l**3 - 70*l**2 + 4*l + 281. Calculate x(-70).
1
Let k(n) = 8*n - 3. What is k(1)?
5
Let v(z) = z**3 + 17*z**2 - 20*z - 31. Determine v(-18).
5
Let i(c) = -2*c**2 - 20*c - 7. Give i(-10).
-7
Let p(u) = u**2 + 10*u + 11. Calculate p(-9).
2
Let w(a) = a**2 - 17*a + 55. Calculate w(10).
-15
Let i(s) = s**3 - 5*s**2 + 5*s - 3. Determine i(3).
-6
Let d(i) = i**3 + 14*i**2 - 16*i - 4. What is d(-15)?
11
Let f(i) = 13*i - 14. Give f(0).
-14
Let s(y) = y**3 - 6*y**2 + 5*y - 18. Calculate s(4).
-30
Let d(w) = -3*w**2 + 1. Give d(-2).
-11
Let g(w) = -w**3 - 8*w**2 - 9*w - 8. Determine g(-7).
6
Let h(m) = -m**2 + 12*m - 30. What is h(9)?
-3
Let y(r) = -r**3 - 4*r**2 - 3*r - 2. Give y(-2).
-4
Let v(s) = -4*s**2 + 7*s + 18. Calculate v(-3).
-39
Let k(o) = -o**2 + 5*o - 5. What is k(6)?
-11
Let x(t) = t**3 + 7*t**2 - 33*t - 5. What is x(-10)?
25
Let h(i) = 6*i + 21. Calculate h(-4).
-3
Let s(u) 